13).
23, 103
List the prime factors of (-101565)/(-74) - (-2)/4.
1373
Let y = -602 - -892. What are the prime factors of y?
2, 5, 29
Let c(z) = 2*z**3 + 2*z + 2. Let b be c(-1). List the prime factors of 21 - (-1)/b*2.
2, 5
Let f be 4 + -7 + 0 - -1. List the prime factors of 766/6 + f + 6/(-9).
5
Let g(r) = -r**2 + 4*r + 8. Let k(s) = 0*s + s**2 - 4 - 3 - 2 - 3*s. Let l(v) = 7*g(v) + 6*k(v). List the prime factors of l(9).
11
Let k(r) = 2*r**2 - r - 13. Let a = 16 - 10. What are the prime factors of k(a)?
53
Let y = 15 - 21. Let r be ((-2)/y)/((-1)/(-285)). Suppose -3*l = 2*l - r. What are the prime factors of l?
19
Let y = 2359 + -1212. What are the prime factors of y?
31, 37
Suppose u - 15 - 11 = -2*s, 0 = 4*u - s - 140. What are the prime factors of ((-148)/(-6))/(u/51)?
37
Suppose -2*j - 8 = -6*j. Suppose -j*x + 5*i + 231 = 0, -2*x - 4*i + 56 = -130. List the prime factors of x.
103
Let t(y) = -y**2 + 9*y - 15. Let p be t(8). Let k be 54/(-7) + 2/p. Let w = k + 20. List the prime factors of w.
2, 3
Let k be (-5)/15*(5 + 1). Let l(n) = 53*n**2 - 6*n + 4. List the prime factors of l(k).
2, 3, 19
Let m(a) = -a**3 - 11*a**2 - 4*a + 3. Let n(r) = r**2 + 5*r - 11. Let j(f) = -f - 11. Let d be j(-6). Let z be n(d). What are the prime factors of m(z)?
47
Suppose 2*q - 3*b - 900 = 0, -7*q - b = -2*q - 2267. What are the prime factors of q?
3, 151
Let l = -116 + 1252. What are the prime factors of l?
2, 71
Let a be -9 - (4 + (2 - 9)). Let h be ((-8)/a)/((-8)/(-12)). Suppose -h*j = -8, -b - 5*j = b - 34. List the prime factors of b.
7
Let m(c) = -140*c + 629. List the prime factors of m(-31).
4969
Let n = -3 + 5. Let p be (-29*1)/((-2)/n). Suppose 0 = -4*c + p + 39. What are the prime factors of c?
17
Let y = 3550 - 1683. List the prime factors of y.
1867
Suppose 0 = -4*d - 16, d - 2*d - 703 = -3*z. List the prime factors of z.
233
Suppose 5*q = 4*w + w + 45, 2*w = -q + 6. Suppose -2*x + 4*b - 3 + 69 = 0, 2*x + 5*b = 84. Suppose q*u - x = 7*u. What are the prime factors of u?
37
Let q(m) = m**3 + 3*m**2 - 6*m + 9. Let y be q(6). Suppose 0 = -n - 4*u + 69, 5*u + y = 4*n - 42. What are the prime factors of n?
3
List the prime factors of (91/(-273))/((-2)/9684).
2, 3, 269
Suppose 5*z - 51 = -1. Suppose 0 = 11*v - z*v - 40. Suppose -115 = -3*x - v. List the prime factors of x.
5
Suppose -11*b + 7*b = -184. Let z = 73 - b. What are the prime factors of z?
3
Let p(o) = -o**3 + o**2 - 1. Let l be p(-1). Let s be (-1077)/(-24) + l/8. Let j = -17 + s. What are the prime factors of j?
2, 7
Let m(l) = -l**2 - 18*l - 13. Let g be m(-19). Let k = 41 - g. What are the prime factors of k?
73
Let t = -50 - -22. Let a = t + 26. List the prime factors of (84 + a)/(16/8).
41
Suppose -5315 = -3*m + 4*p, -2*m + 2*p - 878 = -4424. List the prime factors of m.
1777
Suppose u - 3 = 1. Suppose -5*x + 2*x - 3*m + 48 = 0, -u*x + 39 = -m. Suppose -4*b - 210 = -x*b. List the prime factors of b.
2, 3, 5
Let r = -9 + 5. Let o(q) = -q**3 - 3*q**2 + 4*q + 3. Let i be o(r). Suppose 135 = i*n - 3*a - 18, -3*n = 3*a - 159. What are the prime factors of n?
2, 13
Suppose 6*s = 17795 + 817. What are the prime factors of s?
2, 3, 11, 47
Let k(v) = -7*v + 32. Let r be k(5). List the prime factors of 4/2 + 1 + r + 2.
2
Suppose 2*s = -2*w + 8, -2*w + 2 = -6*w + 2*s. Let t be 292/10 - w/5. Suppose -4*y = 1 - t. What are the prime factors of y?
7
Let u(g) = 143*g**2 - 4*g - 4. Let b = 22 - 23. What are the prime factors of u(b)?
11, 13
List the prime factors of (-2 - 11665/(-10)) + 6/(-12).
2, 3, 97
Let g = 2714 - 746. List the prime factors of g.
2, 3, 41
Suppose -3*x + 2872 = 5*n, 0 = -2*x + 8. What are the prime factors of n?
2, 11, 13
What are the prime factors of ((-44)/66)/(4/(-31752))?
2, 3, 7
Let r(t) = -t**3 + 13*t**2 - 12*t + 7. Let s be r(12). What are the prime factors of 159/2 + s/(-2) + 2?
2, 3, 13
Let b be 2 - 2 - (-3 + -2). Suppose -4*a = -5*f - 23, 0 = 4*f - 3*f - b. What are the prime factors of a?
2, 3
Suppose 0 = 3*k - 3*r - 21, k + 5*r - 9 + 32 = 0. Suppose 0 = k*h - 46 - 238. List the prime factors of h.
2, 71
Suppose -53*i - 223 = 5*w - 57*i, -w - 59 = 4*i. Suppose -x - 2*x - 270 = 0. Let m = w - x. What are the prime factors of m?
43
Let d = -230 - -1159. List the prime factors of d.
929
Let k = -49 - -32. Let y = -5 - k. What are the prime factors of (-1)/(-2)*(y - 0)?
2, 3
Suppose -4*m - 41*h + 38*h = -1578, -778 = -2*m + 4*h. What are the prime factors of m?
3, 131
Let i(l) = l**3 + 41*l**2 + 33*l - 181. List the prime factors of i(-40).
3, 11
List the prime factors of (8865/27)/(1/(-2 - -5)).
5, 197
Suppose 6 + 66 = 4*h. Let c = h - -53. List the prime factors of c.
71
Let t(x) = -6*x + 2. Let w be t(-2). Suppose 5*m = 0, -g - 2*m + w = -m. Suppose 35 + g = a. List the prime factors of a.
7
Let d(m) = -157*m**3 - 2*m**2 - m. Let h(a) = a**2 - 6*a - 8. Let v be h(7). List the prime factors of d(v).
2, 3, 13
Let y(u) = -u**2. Let k(h) = -h**3 - 10*h**2 - 2*h - 6. Let z(x) = -k(x) - y(x). List the prime factors of z(-9).
2, 3, 5
Let t(f) = 2*f + 56. Let u be (0/(-2))/(1 + -3). Let b be t(u). Suppose -a + z + 20 = 0, 4*a - b + 0 = -4*z. What are the prime factors of a?
17
Let u = -174 - -520. Suppose -4*k - h + u = 0, 3*k + 3*h - 337 + 82 = 0. List the prime factors of k.
3, 29
Suppose -3*g = -24 + 15. Suppose 3*z - 137 = a, -g*z + 94 = a - 33. What are the prime factors of z?
2, 11
Let m be 12/(-78) + -1 + 41/13. Suppose m*w + 4*o = 65 + 133, 5*w + 5*o = 470. List the prime factors of w.
89
Suppose -3*x + 73 - 79 = 0. List the prime factors of 6 - (0 + 8) - 138/x.
67
Let c(z) be the second derivative of -7*z**3/6 - z**2/2 - 5*z. Let o be c(-3). Suppose 2*g = o + 26. What are the prime factors of g?
23
Suppose 13 = -4*r + p, 3 = 2*p + 9. List the prime factors of (-1)/((-2)/r - 82/156).
3, 13
Suppose 3*y - 35 = -2*y - 4*n, -2*y + 37 = -3*n. Let r(u) = 2*u**2 - 39*u - 18. Let l be r(20). What are the prime factors of (l - 0/(-3)) + y?
13
Let j be (3/(-1) - 4*-1) + 2. List the prime factors of 113*1*((-16)/(-4) - j).
113
Let t = -403 - -491. List the prime factors of t.
2, 11
Let x(l) = 181*l**2 + 12*l - 21. List the prime factors of x(2).
727
Let o = -1194 - -1195. Let k(w) = w**3. Let z(f) = -27*f**3 + 2*f - 1. Let q(v) = -4*k(v) - z(v). List the prime factors of q(o).
2, 11
Let j = 246 + 652. List the prime factors of j.
2, 449
Let h(y) = y**2 + 15*y - 1. Let z(m) = 3*m**2 + 44*m - 4. Let o(n) = -11*h(n) + 4*z(n). Let w be o(-10). What are the prime factors of (-400)/w + (-4)/6?
2, 13
Let i be (65/20)/13 - (-6670)/8. What are the prime factors of (-48)/18*i/(-8)?
2, 139
List the prime factors of 13069/9 - (-19)/(-171).
2, 3, 11
Let u(y) = -4*y**2 + 3*y + 6. Let v be u(-4). Let c = v + 172. List the prime factors of c.
2, 3, 17
List the prime factors of 9149/8 - 255/(-680).
2, 11, 13
Let o = -172 + 80. Let d = o - -9. Let b = d - -121. What are the prime factors of b?
2, 19
Suppose -7359 = -8*n + 1361. What are the prime factors of n?
2, 5, 109
Let p = 2473 + -1344. What are the prime factors of p?
1129
Let u = 10 - 6. Suppose -2*o + 106 = u*z, -z + 5*o + 63 = 9. List the prime factors of z.
29
Let c = 350 + 461. List the prime factors of c.
811
Suppose 0 = -2*g + 4*l - 450, -l + 20 = -6*l. Let k = 363 + g. List the prime factors of k.
2, 5, 13
Suppose 3*d = -5*n - 129, d = n + n + 45. Let q = n + 27. Let l(y) = -y**3 + 5*y**2 - 2*y - 4. What are the prime factors of l(q)?
2
Suppose 0 = 5*v + 20, 0*v - 2*v - 268 = 5*y. Let p = -15 - y. What are the prime factors of p?
37
Let n = 427 - 160. Let k = 404 - n. List the prime factors of k.
137
Let p = 25 - -215. List the prime factors of p.
2, 3, 5
Suppose -3*h + 6243 = 3*z, 5*h - 63*z - 10402 = -65*z. What are the prime factors of h?
2, 5, 13
Let k(w) be the third derivative of -7*w**6/24 - w**4/24 - w**3/6 - 30*w**2. List the prime factors of k(-1).
5, 7
Let m(s) = 87*s**2 + 9*s - 20. List the prime factors of m(4).
2, 11
Suppose 0 = -72*z + 71*z - 6. What are the prime factors of (3 - -12) + 2*3/z?
2, 7
Let u(s) = 7*s - 2*s + 2*s + 27 + s**2. What are the prime factors of u(-8)?
5, 7
Suppose -6*x + 57 + 51 = 0. Suppose -19*k = -x*k - 85. What are the prime factors of k?
5, 17
List the prime factors of 4/34 + (-1872480